 385779903?
3, 31, 67, 101, 613
List the prime factors of 48121551.
3, 101, 167, 317
What are the prime factors of 37783603?
11, 13, 264221
What are the prime factors of 389849911?
11, 43, 79, 10433
What are the prime factors of 669719020?
2, 5, 137, 244423
What are the prime factors of 67220760?
2, 3, 5, 560173
What are the prime factors of 24087055?
5, 4817411
List the prime factors of 415194944.
2, 17, 263, 1451
List the prime factors of 139674884.
2, 34918721
What are the prime factors of 2165371062?
2, 3, 19, 1291, 14713
What are the prime factors of 106529548?
2, 17, 101, 15511
What are the prime factors of 52911831?
3, 7, 2519611
What are the prime factors of 1516572?
2, 3, 103, 409
List the prime factors of 28104908.
2, 13, 113, 4783
List the prime factors of 7180633.
7180633
List the prime factors of 1236415138.
2, 7, 12616481
List the prime factors of 172315932.
2, 3, 53, 270937
List the prime factors of 44810452.
2, 29, 386297
List the prime factors of 832883735.
5, 166576747
List the prime factors of 137444901.
3, 11, 149, 27953
List the prime factors of 42065071.
1249, 33679
List the prime factors of 567123484.
2, 101, 331, 4241
List the prime factors of 407333665.
5, 81466733
What are the prime factors of 198590253?
3, 66196751
List the prime factors of 1048031385.
3, 5, 17, 4109927
List the prime factors of 36081969.
3, 7, 11, 19, 8221
List the prime factors of 8744923.
11, 794993
List the prime factors of 1149035378.
2, 574517689
List the prime factors of 82141813.
13, 37, 170773
What are the prime factors of 215776538?
2, 107888269
List the prime factors of 248027852.
2, 62006963
List the prime factors of 7005653.
463, 15131
What are the prime factors of 2351836636?
2, 79, 7442521
List the prime factors of 514346650.
2, 5, 43, 239231
List the prime factors of 350301456.
2, 3, 17, 47699
List the prime factors of 3820635812.
2, 7, 71, 1921849
List the prime factors of 860513542.
2, 7, 1009, 60917
What are the prime factors of 1968195406?
2, 41, 47, 463, 1103
List the prime factors of 28696332.
2, 3, 7, 341623
List the prime factors of 85194380.
2, 5, 4259719
What are the prime factors of 586154280?
2, 3, 5, 4884619
What are the prime factors of 2875945151?
79, 2659, 13691
List the prime factors of 5810094918.
2, 3, 157, 857, 2399
List the prime factors of 1629883357.
11261, 144737
What are the prime factors of 18466695?
3, 5, 13, 31567
List the prime factors of 3395980495.
5, 1297, 523667
List the prime factors of 29775111.
3, 47, 4493
List the prime factors of 45510508.
2, 11377627
List the prime factors of 11842267.
53, 223439
List the prime factors of 66305602.
2, 11, 821, 3671
List the prime factors of 3805538909.
109, 271, 128831
List the prime factors of 588727826.
2, 23, 617, 20743
List the prime factors of 759829.
7, 19, 29, 197
List the prime factors of 101014292.
2, 37, 61, 67, 167
List the prime factors of 4268600998.
2, 2134300499
What are the prime factors of 469793229?
3, 3917, 39979
What are the prime factors of 788899242?
2, 3, 43, 521, 5869
List the prime factors of 850245679.
850245679
What are the prime factors of 479227509?
3, 79, 74891
What are the prime factors of 7938458510?
2, 5, 23, 157, 191, 1151
What are the prime factors of 21518683?
21518683
What are the prime factors of 94074727?
94074727
What are the prime factors of 88002544?
2, 7, 785737
What are the prime factors of 266677358?
2, 133338679
What are the prime factors of 502006903?
89, 5640527
List the prime factors of 12669906.
2, 3, 293, 7207
List the prime factors of 355045519.
355045519
What are the prime factors of 71313723?
3, 13, 203173
What are the prime factors of 43235876?
2, 71, 152239
What are the prime factors of 100980590?
2, 5, 10098059
List the prime factors of 1708448300.
2, 5, 13, 1314191
What are the prime factors of 1857190997?
31, 59909387
List the prime factors of 21432080.
2, 5, 267901
What are the prime factors of 234452617?
7, 29, 103, 11213
List the prime factors of 555305868.
2, 3, 13, 131839
List the prime factors of 49041030.
2, 3, 5, 29, 56369
What are the prime factors of 1554613747?
179, 1783, 4871
List the prime factors of 1787251500.
2, 3, 5, 41, 3229
What are the prime factors of 414100742?
2, 11, 223, 84407
What are the prime factors of 43144876?
2, 509, 21191
What are the prime factors of 396017353?
396017353
List the prime factors of 1001141.
127, 7883
What are the prime factors of 40440185?
5, 8088037
What are the prime factors of 59783323?
83, 720281
What are the prime factors of 5183343700?
2, 5, 311, 166667
List the prime factors of 107788964.
2, 127, 212183
What are the prime factors of 1551513796?
2, 7, 59, 263, 3571
What are the prime factors of 2386286286?
2, 3, 29, 71, 419, 461
List the prime factors of 3458541.
3, 79, 14593
What are the prime factors of 37674686?
2, 7, 17, 59, 2683
What are the prime factors of 47489734?
2, 67, 354401
What are the prime factors of 59599082?
2, 37, 229, 3517
What are the prime factors of 1295456463?
3, 7, 139883
What are the prime factors of 20250478?
2, 71, 142609
List the prime factors of 23949807.
3, 7, 109, 10463
List the prime factors of 3784847144.
2, 13, 83, 438467
List the prime factors of 124606219.
124606219
What are the prime factors of 7543336793?
7543336793
List the prime factors of 182917974.
2, 3, 41, 613, 1213
List the prime factors of 1986696505.
5, 113, 3516277
List the prime factors of 443058488.
2, 17, 3257783
What are the prime factors of 51260111?
7, 7322873
List the prime factors of 4506492859.
11, 5851, 70019
List the prime factors of 40013215.
5, 11, 23, 47, 673
What are the prime factors of 105235137?
3, 7, 1670399
List the prime factors of 36762127.
37, 97, 10243
List the prime factors of 46789828.
2, 2833, 4129
What are the prime factors of 30709237?
13, 2362249
List the prime factors of 452174907.
3, 79, 1907911
What are the prime factors of 4076701514?
2, 37, 55090561
List the prime factors of 136416716.
2, 34104179
List the prime factors of 306930170.
2, 5, 23, 37, 36067
List the prime factors of 13302057.
3, 4434019
List the prime factors of 32725748.
2, 11, 17, 67, 653
What are the prime factors of 60055804?
2, 31, 97, 4993
What are the prime factors of 51997783?
29, 331, 5417
What are the prime factors of 539465185?
5, 7, 15413291
List the prime factors of 183620039.
73, 2515343
What are the prime factors of 53319140?
2, 5, 7, 17, 43, 521
What are the prime factors of 55049444?
2, 101, 136261
What are the prime factors of 2813033955?
3, 5, 187535597
What are the prime factors of 1462799831?
1462799831
What are the prime factors of 350862352?
2, 1601, 13697
What are the prime factors of 46002543?
3, 31, 494651
What are the prime factors of 11908883?
7, 1701269
List the prime factors of 1231203370.
2, 5, 123120337
What are the prime factors of 1038137000?
2, 5, 103, 10079
What are the prime factors of 47407663?
29, 79, 20693
What are the prime factors of 176029948?
2, 23, 313, 6113
List the prime factors of 764199782.
2, 7559, 50549
List the prime factors of 168991309.
168991309
What are the prime factors of 2282858428?
2, 11003, 51869
What are the prime factors of 4244113484?
2, 13, 107, 313, 2437
What are the prime factors of 3417061959?
3, 379673551
What are the prime factors of 176337343?
7, 13, 23, 173, 487
What are the prime factors of 166311396?
2, 3, 449, 10289
List the prime factors of 3746391323.
31, 120851333
List the prime factors of 114104741.
2833, 40277
List the prime factors of 103175023.
7, 17, 51001
List the prime factors of 129431291.
11, 37, 163, 1951
What are the prime factors of 8545515630?
2, 3, 5, 17, 2357, 7109
What are the prime factors of 15706437?
3, 157, 33347
List the prime factors of 95823504.
2, 3, 7, 95063
What are the prime factors of 1729993988?
2, 53, 59, 138311
What are the prime factors of 35300016?
2, 3, 41, 1993
What are the prime factors of 7747633?
7747633
What are the prime factors of 3499545223?
47, 74458409
List the prime factors of 2133922591.
9239, 230969
List the prime factors of 73706546.
2, 36853273
List the prime factors of 3904192501.
11, 2293, 154787
What are the prime factors of 126506329?
1987, 63667
What are the prime factors of 1380067877?
1380067877
What are the prime factor